70 - 5).
15
What is the remainder when (-2)/(-6 - 429/(-72)) is divided by 28?
20
Suppose 3*b = -3, 5*t + 9*b - 4*b - 15 = 0. Suppose u + t = 0, 4*u = -2*h + 5*h - 61. What is the remainder when 29 is divided by h?
14
Let i(p) = 3*p**2 - 7*p + 1. What is the remainder when i(5) is divided by (-1 + -1)/(26/(-195))?
11
Suppose 2*g - 1 - 2 = x, 4*x = 4*g. Calculate the remainder when 28 is divided by g.
1
Suppose -2*s - 4*j = -58, -6*j = -s - 4*j + 29. What is the remainder when 107 is divided by s?
20
Calculate the remainder when 1622 is divided by 6/22 - (-7356)/132.
54
Let m = 358 - 310. Calculate the remainder when 53 is divided by m.
5
Suppose -5*x = -5*q + 260, 3*q = 4*x + 21 + 139. Suppose 10*p - 167 = 73. Let v = 34 - p. What is the remainder when q is divided by v?
8
Suppose -6*b + b - 2*n + 296 = 0, -b = -3*n - 49. Calculate the remainder when b is divided by 12.
10
Let a = -866 - -889. Let f(m) = -6*m - 1. Let z(p) = -p. Let o(i) = -f(i) + 2*z(i). Calculate the remainder when a is divided by o(3).
10
Let o(f) = 3*f**2 + 2*f - 2. Let w be 10/(-6*2/(-6)). Suppose w*i = 2*i + 6. What is the remainder when 54 is divided by o(i)?
12
Let x(t) = 3*t - 1. Let d be x(1). Suppose -d*o + 9 = -1. Suppose -110 = -o*l - 10. Calculate the remainder when 57 is divided by l.
17
Let g be (-4)/12 + 3/9. Let r = g + 4. Suppose r*l + 13 - 73 = 0. What is the remainder when 27 is divided by l?
12
Let w(z) = -z**3 - 9*z**2 - 24*z + 5. Calculate the remainder when 149 is divided by w(-5).
24
Let h(m) = -m**3 - 2*m + 25. Let j(f) = -49*f. Suppose 2 = 5*d + 7. What is the remainder when j(d) is divided by h(0)?
24
Suppose 34*j = 31*j + 2*a + 2387, 5*a - 3995 = -5*j. What is the remainder when j is divided by 47?
45
Let o(z) = 30*z - 47. Calculate the remainder when 843 is divided by o(2).
11
Let u(s) = 13*s**3 - 5*s**2 + 4*s - 4. Let q be 8 - 7 - (2 + -3). What is the remainder when u(q) is divided by 30?
28
Suppose 2*p = 5*l - 38, 2*p = -p + 5*l - 67. Let t = 35 + p. Suppose -h - 2 + 12 = 0. Calculate the remainder when h is divided by t.
4
Suppose 442 = 5*l - y, 2*l = -3*l + 4*y + 433. What is the remainder when l is divided by 15?
14
Suppose -3*z - 2*f = f - 72, z + 4*f = 15. What is the remainder when 186 is divided by z?
24
Suppose 7*x + 2218 - 2344 = 0. Let j be (-2)/(-2)*8 + 0. What is the remainder when x is divided by -3*(1 - j/3)?
3
Suppose 15 = -5*q, 834 - 192 = 5*o + q. Calculate the remainder when 511 is divided by o.
124
Let f(y) = 124*y + 14. What is the remainder when f(2) is divided by 18?
10
Let u = 93 - 81. Calculate the remainder when 51 is divided by u.
3
Let u be (0 - (-6)/9)*3. Suppose -3*a - u*a = -50. What is the remainder when a is divided by ((-45)/(-25))/((-6)/(-20))?
4
Let t = 60 + -41. Let q(v) = v - 4. Let a be q(9). What is the remainder when t is divided by (-2 + 3)/(1/a)?
4
Let l be (-237)/6 + -2*15/12. Let y be 1 - -64 - (0 - -1). Let p = l + y. Calculate the remainder when 86 is divided by p.
20
What is the remainder when 0 - (0 + -1) - -67 is divided by -12 - 510/(-13 - 4)?
14
Suppose -3180 = -1048*t + 1038*t. What is the remainder when t is divided by 42?
24
Suppose 3*m - 3*g - 12 = -3, -3*m + 11 = -g. Suppose -m = -2*h + 6. Suppose 3*u = -n + 19 - 1, -5*n + h*u = 10. Calculate the remainder when 8 is divided by n.
2
Let s(b) = 8*b**2 + 7*b. Suppose l - 2*l = -3. Suppose -2*o + 156 = 3*o - 4*h, -5*h - 155 = -5*o. Calculate the remainder when s(l) is divided by o.
29
Let n(m) = 71 - m + 2*m - 53 - 2*m. Calculate the remainder when n(9) is divided by 6.
3
What is the remainder when 8/10*245/2 is divided by ((-16)/(-6) + -1)/((-1002)/(-12024))?
18
Suppose -3841 = -6*h + h + u, -1530 = -2*h + 2*u. What is the remainder when h is divided by 77?
76
Suppose -2 = i - 4. Suppose 0 = 5*h - 20 + 80. Calculate the remainder when (-40)/(-18) + h/54 is divided by i.
0
Let r be (((-36)/5)/(-9))/((-2)/110). Let k = r - -144. What is the remainder when k is divided by 34?
32
Let j(b) be the third derivative of 3*b**2 + 0 - 1/120*b**6 + 1/12*b**5 - 2/3*b**3 + 0*b + 1/12*b**4. What is the remainder when 21 is divided by j(5)?
3
Suppose 5 = -v - 0*v, o - 16 = v. Let k = o + -11. Suppose 0 = -2*a - 2*y + 56, k = -0*a - 4*a + 5*y + 103. What is the remainder when 53 is divided by a?
26
Let k(h) = h + 15. Let n be k(14). Suppose n + 35 = 4*j. What is the remainder when j is divided by 9?
7
Let z be 34 + (2/(-7) - 6/(-21)). Suppose f - 5*o = -f + z, -4 = -o. Calculate the remainder when f is divided by 10.
7
Let b = 856 - 845. Suppose 0 = -m - u + 442 - 4, -4*u = -16. Calculate the remainder when 4/(-10) - m/(-10) is divided by b.
10
Suppose 10*u = 42 + 78. What is the remainder when 502 is divided by u?
10
Let j(n) = -3*n**2 + 33*n - 16. What is the remainder when j(8) is divided by 1*6*110/33?
16
Let a = -11 + 17. Suppose 2*q + 16 = a*q. Suppose -u = 5*s - 27, -39 = -5*u - q*s + 12. What is the remainder when 27 is divided by u?
6
Let b = 109 + 32. Calculate the remainder when b is divided by 49.
43
What is the remainder when 931 is divided by ((-51)/(-12))/(4/16)?
13
Suppose 0 = 20*r - 16*r - 144. What is the remainder when r is divided by 13?
10
Suppose 2*w = 85 + 87. Let t = -59 + w. Calculate the remainder when t is divided by 7.
6
Let u = -16 - -23. Let m(v) = -v**3 + 8*v**2 + 2*v + 7. Suppose 4*n = -3*l + 3*n + 58, 0 = -4*n + 16. What is the remainder when m(u) is divided by l?
16
What is the remainder when 536 is divided by (-2)/(((-54)/9)/36)?
8
Suppose -1 = 2*y - 5*u, y + u - 4 = -u. Suppose -6 = -y*v - 0*v. Suppose -2*b = 3*i - 20, 3*i + 2 = -v*b + 35. What is the remainder when 36 is divided by b?
10
Let m(v) = v**2 - 5*v - 19. Let p be m(8). Suppose -315 = -4*r - 5*x, -4*x = p*r - 22 - 374. Calculate the remainder when r is divided by 14.
10
Suppose 14 = 5*a + 3*j + 3, -3*a = -j - 1. Let d(k) = 9*k**2 + k - 1. Calculate the remainder when d(2) is divided by 22 - a - 5/((-10)/(-4)).
18
Suppose -75 = -5*l + 2*c + 20, 0 = -2*l + 5*c + 59. What is the remainder when l is divided by 5?
2
Suppose 48 = -8*o + 4*o. Let z = o + 49. Calculate the remainder when z is divided by 10.
7
Suppose -4*t - 5*j = -2*t - 26, -5*j + 17 = -t. What is the remainder when 16 is divided by t?
1
Let a(d) = -2*d + 6. Let n be a(10). Calculate the remainder when 142 is divided by 2/n + (-2712)/(-168).
14
Suppose -20 + 120 = 2*r. What is the remainder when r is divided by 34?
16
Suppose -2*d + 16 = 6. Let p = -13 + 22. Let n = p + -6. Calculate the remainder when d is divided by n.
2
Let y = -2138 + 2225. What is the remainder when 952 is divided by y?
82
What is the remainder when 71 is divided by (-2 + -10)*4/((-16)/9)?
17
Suppose -4*x = -x - 36. Calculate the remainder when (90/(-6))/(9/(-27)) is divided by x.
9
Let y = -7 + 9. Let x be (3/1)/(3/y). Suppose 2*r - 218 + 4 = -5*k, -r = -x*k + 91. Calculate the remainder when k is divided by 12.
8
Suppose -4*h - 2080 = -44*h. Calculate the remainder when 623 is divided by h.
51
Suppose 4*z = 0, 2*p + 4*z + 111 = 5*p. What is the remainder when 69 is divided by p?
32
Let k be 1*(-40 + 2 + -6). Let g = 18 - k. Let b = -9 - -25. Calculate the remainder when g is divided by b.
14
Let u be 2 + -1 - (0 + -1). Suppose -62 = -4*x + 2*i, -3*x - u*x = -i - 76. Calculate the remainder when 73 is divided by x.
13
Let o = -6 + 49. Suppose 0 = -5*w + 3*l - 20, -l = 5*w + 3*l - 15. Let h = w - -12. What is the remainder when o is divided by h?
10
Suppose 4*q - 6*q - 288 = -2*a, -3*a = 4*q - 425. What is the remainder when a is divided by 36?
35
Suppose -2*p - 65 + 1 = 0. Let n = -15 - p. Suppose -201 = -5*u + 2*u. What is the remainder when u is divided by n?
16
Let a = -106 - -110. Suppose -a*t + 150 = 3*l, 5*t - 23 = -3*l + 163. Calculate the remainder when 105 is divided by t.
33
Suppose -10*g + 314 + 326 = 0. Suppose 2*f = 35 + 9. Calculate the remainder when g is divided by f.
20
Let i = 53 + -6. What is the remainder when 41 is divided by i/3 + 4/(-6)?
11
Suppose -4*h + 73 = -39. Let u(i) = 10*i**2 + 2*i + 1. Let x be u(-1). Suppose -x*r + 7*r + h = 0. What is the remainder when 22 is divided by r?
8
Suppose 2*h = -5*z + 9, 20 = 3*h - 2*z + 3*z. Suppose -h*s + 10*s - 165 = 0. What is the remainder when s is divided by